{"id":193,"date":"2024-04-23T11:49:36","date_gmt":"2024-04-23T11:49:36","guid":{"rendered":"https:\/\/novaveritas.education\/?page_id=193"},"modified":"2024-09-18T17:53:57","modified_gmt":"2024-09-18T17:53:57","slug":"dc_auditor_iso-iec_170252018-2","status":"publish","type":"page","link":"https:\/\/novaveritas.education\/index.php\/dc_auditor_iso-iec_170252018-2\/","title":{"rendered":"DC_AUDITOR_ISO\/IEC_17025:2018"},"content":{"rendered":"\n<figure class=\"wp-block-image size-full\"><img loading=\"lazy\" decoding=\"async\" width=\"1024\" height=\"576\" src=\"https:\/\/novaveritas.education\/wp-content\/uploads\/2024\/04\/2-1.png\" alt=\"\" class=\"wp-image-204\" srcset=\"https:\/\/novaveritas.education\/wp-content\/uploads\/2024\/04\/2-1.png 1024w, https:\/\/novaveritas.education\/wp-content\/uploads\/2024\/04\/2-1-300x169.png 300w, https:\/\/novaveritas.education\/wp-content\/uploads\/2024\/04\/2-1-768x432.png 768w\" sizes=\"auto, (max-width: 1024px) 100vw, 1024px\" \/><\/figure>\n\n\n\n<h2 class=\"wp-block-heading\">Curso de formaci\u00f3n por competencias Auditor ISO\/IEC 17025:2017<\/h2>\n\n\n\n<p>la norma ISO\/IEC 17025:2017 es un est\u00e1ndar internacional que establece los requisitos generales de competencia para los laboratorios de ensayo y calibraci\u00f3n. Esta norma especifica los criterios que deben cumplir los laboratorios para demostrar que son t\u00e9cnicamente competentes y que pueden generar resultados de ensayo y calibraci\u00f3n v\u00e1lidos y fiables. La ISO\/IEC 17025:2017 es ampliamente reconocida y utilizada por laboratorios de todo el mundo para demostrar su competencia t\u00e9cnica y su capacidad para producir resultados precisos y confiables.<\/p>\n\n\n\n<p>La formaci\u00f3n de auditores conforme a la norma ISO\/IEC 17025:2017 es fundamental para los profesionales que trabajan en laboratorios de ensayo y calibraci\u00f3n y en este sentido el curso de formaci\u00f3n de auditor en la norma ISO\/IEC 17025:2017 dictado por Novaveritas Academy es una herramienta fundamental para aquel talento humanos que &nbsp;trabajan en laboratorios de ensayo y calibraci\u00f3n, ya que les proporcionar\u00e1 los conocimientos y habilidades necesarios para garantizar la calidad, la competencia t\u00e9cnica y el cumplimiento normativo en sus organizaciones.<\/p>\n\n\n\n<h2 class=\"wp-block-heading\">Objetivos<\/h2>\n\n\n\n<p>Al t\u00e9rmino del curso el alumno ser\u00e1 capaz de comprender y aplicar los requisitos de la norma internacional ISO\/IEC 17025:2017 Requisitos generales para la competencia de laboratorios de Ensayo y de Calibraci\u00f3n desde el punto de vista del auditor siendo capaz de planificar, realizar, redactar informes y hacer un seguimiento de una auditor\u00eda del sistema de gesti\u00f3n en conformidad con las directrices de la norma ISO 19011:2018 y la norma internacional objeto de estudio.<\/p>\n\n\n\n<h2 class=\"wp-block-heading\">Duraci\u00f3n del curso<\/h2>\n\n\n\n<p>El curso de formaci\u00f3n de auditor por competencias en la norma internacional ISO\/IEC 17025:2018 tiene una duraci\u00f3n de 5 semanas en la modalidad E-Learning. El curso, adicionalmente, incorpora los m\u00f3dulos de introducci\u00f3n a la norma ISO 14001:2015, analizada desde el punto de vista de un auditor.<\/p>\n\n\n\n<div class=\"wp-block-buttons is-content-justification-center is-layout-flex wp-container-core-buttons-is-layout-16018d1d wp-block-buttons-is-layout-flex\">\n<div class=\"wp-block-button\"><a class=\"wp-block-button__link wp-element-button\" href=\"https:\/\/novaveritas.education\/pensum\/217-Presentacion-AuditorISOIEC-17025.pdf\" target=\"_blank\" rel=\"noreferrer noopener\">Lee el pensum del curso en este enlace&#8230;<\/a><\/div>\n<\/div>\n\n\n\n<h2 class=\"wp-block-heading\"><strong>\u00a1Invierta ahora en su futuro!<\/strong><\/h2>\n\n\n\n<script async\n  src=\"https:\/\/js.stripe.com\/v3\/buy-button.js\">\n<\/script>\n\n<stripe-buy-button\n  buy-button-id=\"buy_btn_1Q0S1pIvGUSQtmHnov5rJDpS\"\n  publishable-key=\"pk_live_51OzQJKIvGUSQtmHn6Dzyn7BqDmddEGZ9df2QO7EpdMgUHPkuhFbUKEp3XJ8D6EKGmKsN3XKr49S1zA1Labt7qCmz00OsJ0eWtn\"\n>\n<\/stripe-buy-button>\n\n\n\n<h2 class=\"wp-block-heading\">Matric\u00falese en curso<\/h2>\n\n\n\n<p><strong>Una vez que haya completado el pago, env\u00edenos el siguiente formulario de matr\u00edcula.<\/strong><\/p>\n\n\n\n<figure class=\"wp-block-image\"><a href=\"https:\/\/form.jotform.com\/242196351535053\" target=\"_blank\" rel=\"noreferrer noopener\"><img loading=\"lazy\" decoding=\"async\" width=\"800\" height=\"40\" src=\"https:\/\/novaveritas.education\/wp-content\/uploads\/2024\/04\/matriculate-aca.png\" alt=\"\" class=\"wp-image-115\" srcset=\"https:\/\/novaveritas.education\/wp-content\/uploads\/2024\/04\/matriculate-aca.png 800w, https:\/\/novaveritas.education\/wp-content\/uploads\/2024\/04\/matriculate-aca-300x15.png 300w, https:\/\/novaveritas.education\/wp-content\/uploads\/2024\/04\/matriculate-aca-768x38.png 768w\" sizes=\"auto, (max-width: 800px) 100vw, 800px\" \/><\/a><\/figure>\n\n\n\n<p><a href=\"https:\/\/novaveritas.education\/wp-admin\/post.php?post=118&amp;action=edit\">Editar<\/a><\/p>\n","protected":false},"excerpt":{"rendered":"<p>Curso de formaci\u00f3n por competencias Auditor ISO\/IEC 17025:2017 la norma ISO\/IEC 17025:2017 es un est\u00e1ndar internacional que establece los requisitos generales de competencia para los laboratorios de ensayo y calibraci\u00f3n. Esta norma especifica los criterios que deben cumplir los laboratorios para demostrar que son t\u00e9cnicamente competentes y que pueden generar resultados de ensayo y calibraci\u00f3n [&hellip;]<\/p>\n","protected":false},"author":1,"featured_media":0,"parent":0,"menu_order":0,"comment_status":"closed","ping_status":"closed","template":"","meta":{"footnotes":""},"class_list":["post-193","page","type-page","status-publish","hentry"],"_links":{"self":[{"href":"https:\/\/novaveritas.education\/index.php\/wp-json\/wp\/v2\/pages\/193","targetHints":{"allow":["GET"]}}],"collection":[{"href":"https:\/\/novaveritas.education\/index.php\/wp-json\/wp\/v2\/pages"}],"about":[{"href":"https:\/\/novaveritas.education\/index.php\/wp-json\/wp\/v2\/types\/page"}],"author":[{"embeddable":true,"href":"https:\/\/novaveritas.education\/index.php\/wp-json\/wp\/v2\/users\/1"}],"replies":[{"embeddable":true,"href":"https:\/\/novaveritas.education\/index.php\/wp-json\/wp\/v2\/comments?post=193"}],"version-history":[{"count":7,"href":"https:\/\/novaveritas.education\/index.php\/wp-json\/wp\/v2\/pages\/193\/revisions"}],"predecessor-version":[{"id":300,"href":"https:\/\/novaveritas.education\/index.php\/wp-json\/wp\/v2\/pages\/193\/revisions\/300"}],"wp:attachment":[{"href":"https:\/\/novaveritas.education\/index.php\/wp-json\/wp\/v2\/media?parent=193"}],"curies":[{"name":"wp","href":"https:\/\/api.w.org\/{rel}","templated":true}]}}