{"id":122,"date":"2024-04-22T22:12:24","date_gmt":"2024-04-22T22:12:24","guid":{"rendered":"https:\/\/novaveritas.education\/?page_id=122"},"modified":"2024-09-18T17:55:29","modified_gmt":"2024-09-18T17:55:29","slug":"dc-auditor_iso_450012018","status":"publish","type":"page","link":"https:\/\/novaveritas.education\/index.php\/dc-auditor_iso_450012018\/","title":{"rendered":"DC-AUDITOR_ISO_45001:2018"},"content":{"rendered":"\n<figure class=\"wp-block-image size-full\"><img loading=\"lazy\" decoding=\"async\" width=\"1024\" height=\"576\" src=\"https:\/\/novaveritas.education\/wp-content\/uploads\/2024\/04\/ULTIMATE-PLUMBING-SERVICE.png\" alt=\"\" class=\"wp-image-133\" srcset=\"https:\/\/novaveritas.education\/wp-content\/uploads\/2024\/04\/ULTIMATE-PLUMBING-SERVICE.png 1024w, https:\/\/novaveritas.education\/wp-content\/uploads\/2024\/04\/ULTIMATE-PLUMBING-SERVICE-300x169.png 300w, https:\/\/novaveritas.education\/wp-content\/uploads\/2024\/04\/ULTIMATE-PLUMBING-SERVICE-768x432.png 768w\" sizes=\"auto, (max-width: 1024px) 100vw, 1024px\" \/><\/figure>\n\n\n\n<h2 class=\"wp-block-heading\">Curso de formaci\u00f3n por competencias de Auditor ISO 45001:2018<\/h2>\n\n\n\n<p>Un sistema de gesti\u00f3n de la salud y seguridad del trabajo SG SST requiere ser auditado para determinar la eficacia de su implementaci\u00f3n, al menos, una vez al a\u00f1o. En este sentido las organizaciones requieren de auditores que posean las cualificaciones pertinentes para poder gestionar los programas de auditor\u00edas y ser capaces de seleccionar a un equipo de auditores competentes de manera eficaz.<\/p>\n\n\n\n<p>Nuestro curso de Formaci\u00f3n de <strong>auditores  de sistemas de gesti\u00f3n de la salud y seguridad del trabajo SG<\/strong> <strong>SST<\/strong> entrega las competencias necesarias para desempe\u00f1arse eficazmente como auditor l\u00edder de manera independiente o al interior de una organizaci\u00f3n gestionando los procesos de auditor\u00eda interna.<\/p>\n\n\n\n<h2 class=\"wp-block-heading\">Objetivos<\/h2>\n\n\n\n<p>Al t\u00e9rmino del curso el participante ser\u00e1 capaz de gestionar un programa de auditor\u00eda de un sistema de gesti\u00f3n de la salud y seguridad del trabajo SG SST; comprender los requisitos necesarios para seleccionar un equipo de auditores y ejecutar un plan de auditor\u00edas de manera remota o presencial de primera, segunda parte aplicado a la norma internacional ISO 45001:2018.<\/p>\n\n\n\n<h2 class=\"wp-block-heading\">Duraci\u00f3n del curso<\/h2>\n\n\n\n<p>El curso de formaci\u00f3n de auditor por competencias en la norma internacional ISO 14001:2015 tiene una duraci\u00f3n de 5 semanas en la modalidad E-Learning. El curso, adicionalmente, incorpora los m\u00f3dulos de introducci\u00f3n a la norma ISO 14001:2015, analizada desde el punto de vista de un auditor.<\/p>\n\n\n\n<div class=\"wp-block-buttons is-content-justification-center is-layout-flex wp-container-core-buttons-is-layout-16018d1d wp-block-buttons-is-layout-flex\">\n<div class=\"wp-block-button is-style-fill\"><a class=\"wp-block-button__link has-text-align-center wp-element-button\" href=\"https:\/\/novaveritas.education\/pensum\/203-Presentacion-AuditorISO-45001.pdf\" target=\"_blank\" rel=\"noreferrer noopener\">Lea el pensum del curso en este enlace<\/a><\/div>\n<\/div>\n\n\n\n<h2 class=\"wp-block-heading\"><strong>\u00a1Invierta ahora en su futuro!<\/strong><\/h2>\n\n\n\n<script async\n  src=\"https:\/\/js.stripe.com\/v3\/buy-button.js\">\n<\/script>\n\n<stripe-buy-button\n  buy-button-id=\"buy_btn_1Q0S1pIvGUSQtmHnov5rJDpS\"\n  publishable-key=\"pk_live_51OzQJKIvGUSQtmHn6Dzyn7BqDmddEGZ9df2QO7EpdMgUHPkuhFbUKEp3XJ8D6EKGmKsN3XKr49S1zA1Labt7qCmz00OsJ0eWtn\"\n>\n<\/stripe-buy-button>\n\n\n\n<h2 class=\"wp-block-heading\">Matric\u00falese en curso<\/h2>\n\n\n\n<p><strong>Una vez que haya completado el pago, env\u00edenos el siguiente formulario de matr\u00edcula.<\/strong><\/p>\n\n\n\n<figure class=\"wp-block-image size-full is-resized\"><a href=\"https:\/\/form.jotform.com\/242196351535053\" target=\"_blank\" rel=\"noreferrer noopener\"><img loading=\"lazy\" decoding=\"async\" width=\"800\" height=\"40\" src=\"https:\/\/novaveritas.education\/wp-content\/uploads\/2024\/04\/matriculate-aca.png\" alt=\"\" class=\"wp-image-115\" style=\"width:800px;height:auto\" srcset=\"https:\/\/novaveritas.education\/wp-content\/uploads\/2024\/04\/matriculate-aca.png 800w, https:\/\/novaveritas.education\/wp-content\/uploads\/2024\/04\/matriculate-aca-300x15.png 300w, https:\/\/novaveritas.education\/wp-content\/uploads\/2024\/04\/matriculate-aca-768x38.png 768w\" sizes=\"auto, (max-width: 800px) 100vw, 800px\" \/><\/a><\/figure>\n","protected":false},"excerpt":{"rendered":"<p>Curso de formaci\u00f3n por competencias de Auditor ISO 45001:2018 Un sistema de gesti\u00f3n de la salud y seguridad del trabajo SG SST requiere ser auditado para determinar la eficacia de su implementaci\u00f3n, al menos, una vez al a\u00f1o. En este sentido las organizaciones requieren de auditores que posean las cualificaciones pertinentes para poder gestionar los [&hellip;]<\/p>\n","protected":false},"author":1,"featured_media":0,"parent":0,"menu_order":0,"comment_status":"closed","ping_status":"closed","template":"","meta":{"footnotes":""},"class_list":["post-122","page","type-page","status-publish","hentry"],"_links":{"self":[{"href":"https:\/\/novaveritas.education\/index.php\/wp-json\/wp\/v2\/pages\/122","targetHints":{"allow":["GET"]}}],"collection":[{"href":"https:\/\/novaveritas.education\/index.php\/wp-json\/wp\/v2\/pages"}],"about":[{"href":"https:\/\/novaveritas.education\/index.php\/wp-json\/wp\/v2\/types\/page"}],"author":[{"embeddable":true,"href":"https:\/\/novaveritas.education\/index.php\/wp-json\/wp\/v2\/users\/1"}],"replies":[{"embeddable":true,"href":"https:\/\/novaveritas.education\/index.php\/wp-json\/wp\/v2\/comments?post=122"}],"version-history":[{"count":8,"href":"https:\/\/novaveritas.education\/index.php\/wp-json\/wp\/v2\/pages\/122\/revisions"}],"predecessor-version":[{"id":303,"href":"https:\/\/novaveritas.education\/index.php\/wp-json\/wp\/v2\/pages\/122\/revisions\/303"}],"wp:attachment":[{"href":"https:\/\/novaveritas.education\/index.php\/wp-json\/wp\/v2\/media?parent=122"}],"curies":[{"name":"wp","href":"https:\/\/api.w.org\/{rel}","templated":true}]}}